remainder when 121 is divided by 80.
41
What is the remainder when 104394 is divided by 45?
39
Calculate the remainder when 6926 is divided by 768.
14
Calculate the remainder when 222653 is divided by 98.
95
What is the remainder when 27956 is divided by 22?
16
What is the remainder when 16428 is divided by 1095?
3
What is the remainder when 929 is divided by 167?
94
Calculate the remainder when 35164 is divided by 3148.
536
What is the remainder when 19176 is divided by 137?
133
Calculate the remainder when 17176 is divided by 28.
12
Calculate the remainder when 24344 is divided by 140.
124
What is the remainder when 135486 is divided by 111?
66
Calculate the remainder when 328690 is divided by 301.
299
What is the remainder when 41619 is divided by 20807?
5
Calculate the remainder when 172767 is divided by 552.
543
Calculate the remainder when 5029 is divided by 2484.
61
What is the remainder when 2731 is divided by 194?
15
Calculate the remainder when 1085823 is divided by 721.
718
Calculate the remainder when 2538 is divided by 2494.
44
What is the remainder when 2158 is divided by 750?
658
Calculate the remainder when 4369 is divided by 1101.
1066
Calculate the remainder when 82584 is divided by 13712.
312
Calculate the remainder when 868 is divided by 25.
18
What is the remainder when 58261 is divided by 34?
19
Calculate the remainder when 39652 is divided by 117.
106
What is the remainder when 29222 is divided by 2086?
18
Calculate the remainder when 119454 is divided by 39803.
45
Calculate the remainder when 1799 is divided by 98.
35
What is the remainder when 1500970 is divided by 500313?
31
What is the remainder when 275806 is divided by 137899?
8
Calculate the remainder when 19165 is divided by 533.
510
Calculate the remainder when 154218 is divided by 28.
22
What is the remainder when 72113 is divided by 568?
545
Calculate the remainder when 2814 is divided by 243.
141
Calculate the remainder when 722090 is divided by 574.
572
What is the remainder when 202 is divided by 41?
38
Calculate the remainder when 3943 is divided by 3033.
910
What is the remainder when 48049 is divided by 164?
161
Calculate the remainder when 11758 is divided by 37.
29
Calculate the remainder when 5447 is divided by 300.
47
What is the remainder when 1025 is divided by 214?
169
What is the remainder when 117751 is divided by 11?
7
What is the remainder when 41781 is divided by 337?
330
What is the remainder when 192022 is divided by 381?
379
Calculate the remainder when 57722 is divided by 703.
76
What is the remainder when 1979 is divided by 360?
179
What is the remainder when 38353 is divided by 86?
83
Calculate the remainder when 318016 is divided by 4969.
0
What is the remainder when 1659 is divided by 46?
3
Calculate the remainder when 36523 is divided by 580.
563
Calculate the remainder when 23089 is divided by 15.
4
What is the remainder when 18665 is divided by 4660?
25
Calculate the remainder when 1117 is divided by 8.
5
Calculate the remainder when 99956 is divided by 117.
38
Calculate the remainder when 78070 is divided by 723.
709
Calculate the remainder when 31397 is divided by 136.
117
Calculate the remainder when 234 is divided by 149.
85
What is the remainder when 85137 is divided by 100?
37
What is the remainder when 2736 is divided by 343?
335
What is the remainder when 425398 is divided by 212697?
4
What is the remainder when 1016 is divided by 334?
14
Calculate the remainder when 271834 is divided by 58.
46
Calculate the remainder when 395 is divided by 256.
139
Calculate the remainder when 54818 is divided by 9.
8
Calculate the remainder when 33398 is divided by 127.
124
What is the remainder when 609506 is divided by 191?
25
Calculate the remainder when 1272 is divided by 98.
96
What is the remainder when 7665 is divided by 188?
145
Calculate the remainder when 10682 is divided by 353.
92
Calculate the remainder when 9809 is divided by 286.
85
Calculate the remainder when 3402 is divided by 279.
54
Calculate the remainder when 4110 is divided by 2052.
6
Calculate the remainder when 5340 is divided by 189.
48
Calculate the remainder when 4656830 is divided by 26.
22
What is the remainder when 13935 is divided by 1167?
1098
Calculate the remainder when 37204 is divided by 4650.
4
What is the remainder when 24864 is divided by 19?
12
Calculate the remainder when 6797 is divided by 61.
26
What is the remainder when 598759 is divided by 940?
919
Calculate the remainder when 74703 is divided by 18.
3
What is the remainder when 12192 is divided by 12164?
28
What is the remainder when 202842 is divided by 4?
2
What is the remainder when 63634 is divided by 1770?
1684
Calculate the remainder when 152496 is divided by 122.
118
What is the remainder when 55959 is divided by 322?
253
What is the remainder when 22210 is divided by 7193?
631
What is the remainder when 15426 is divided by 29?
27
What is the remainder when 53248 is divided by 53205?
43
What is the remainder when 1449 is divided by 70?
49
What is the remainder when 1368 is divided by 1307?
61
Calculate the remainder when 14879 is divided by 135.
29
Calculate the remainder when 12922 is divided by 128.
122
Calculate the remainder when 4548 is divided by 301.
33
Calculate the remainder when 52907 is divided by 17621.
44
What is the remainder when 960 is divided by 95?
10
Calculate the remainder when 246 is divided by 156.
90
What is the remainder when 6015 is divided by 58?
41
Calculate the remainder when 14277 is divided by 340.
337
What is the remainder when 290911 is divided by 145452?
7
What is the remainder when 1127306 is divided by 140912?
10
What is the remainder when 59008 is divided by 16?
0
What is the remainder when 228 is divided by 152?
76
Calculate the remainder when 10579 is divided by 10565.
14
Calculate the remainder when 3847 is divided by 50.
47
What is the remainder when 29202 is divided by 109?
99
What is the remainder when 134549 is divided by 51?
11
Calculate the remainder when 1337838 is divided by 445946.
0
What is the remainder when 23794 is divided by 11736?
322
Calculate the remainder when 2087 is divided by 449.
291
What is the remainder when 5031 is divided by 53?
49
Calculate the remainder when 3436 is divided by 390.
316
Calculate the remainder when 250352 is divided by 311.
308
Calculate the remainder when 105943 is divided by 132.
79
What is the remainder when 27068 is divided by 8895?
383
What is the remainder when 2645 is divided by 2274?
371
What is the remainder when 314992 is divided by 104992?
16
What is the remainder when 4715 is divided by 378?
179
Calculate the remainder when 24648 is divided by 34.
32
Calculate the remainder when 5011 is divided by 288.
115
Calculate the remainder when 668371 is divided by 12377.
13
Calculate the remainder when 16472 is divided by 170.
152
What is the remainder when 43306 is divided by 163?
111
What is the remainder when 53378 is divided by 186?
182
What is the remainder when 111215 is divided by 168?
167
Calculate the remainder when 5392 is divided by 129.
103
Calculate the remainder when 8421 is divided by 525.
21
Calculate the remainder when 3565 is divided by 1071.
352
What is the remainder when 2445 is divided by 515?
385
What is the remainder when 7795 is divided by 693?
172
What is the remainder when 3233 is divided by 808?
1
Calculate the remainder when 3431 is divided by 3389.
42
What is the remainder when 7036 is divided by 7013?
23
What is the remainder when 245773 is divided by 627?
616
What is the remainder when 275039 is divided by 480?
479
What is the remainder when 854171 is divided by 6?
5
What is the remainder when 250729 is divided by 13?
11
Calculate the remainder when 52234 is divided by 6.
4
Calculate the remainder when 4811 is divided by 336.
107
Calculate the remainder when 119601 is divided by 10.
1
Calculate the remainder when 3248 is divided by 465.
458
Calculate the remainder when 6051 is divided by 485.
231
What is the remainder when 4319 is divided by 4314?
5
What is the remainder when 3374 is divided by 31?
26
What is the remainder when 377 is divided by 180?
17
Calculate the remainder when 8293 is divided by 61.
58
What is the remainder when 36774 is divided by 159?
45
Cal